 digit of 1606263?
1
What is the tens digit of 33083?
8
What is the ten thousands digit of 10435026?
3
What is the ten thousands digit of 705211?
0
What is the tens digit of 461457?
5
What is the hundreds digit of 354534?
5
What is the thousands digit of 1977163?
7
What is the thousands digit of 98958?
8
What is the thousands digit of 354496?
4
What is the ten thousands digit of 139928?
3
What is the units digit of 3953478?
8
What is the units digit of 481080?
0
What is the hundred thousands digit of 663432?
6
What is the hundred thousands digit of 311361?
3
What is the tens digit of 4888220?
2
What is the tens digit of 10453545?
4
What is the hundred thousands digit of 680628?
6
What is the ten thousands digit of 2038920?
3
What is the tens digit of 44518?
1
What is the hundreds digit of 94797?
7
What is the hundreds digit of 23637124?
1
What is the millions digit of 37722662?
7
What is the ten thousands digit of 506231?
0
What is the ten thousands digit of 1728996?
2
What is the thousands digit of 71904?
1
What is the units digit of 1901438?
8
What is the hundreds digit of 312598?
5
What is the units digit of 579164?
4
What is the thousands digit of 636059?
6
What is the ten thousands digit of 16072226?
7
What is the units digit of 315791?
1
What is the units digit of 932376?
6
What is the ten millions digit of 29808592?
2
What is the ten thousands digit of 3861990?
6
What is the tens digit of 13929188?
8
What is the units digit of 652188?
8
What is the units digit of 480935?
5
What is the hundred thousands digit of 22762145?
7
What is the ten thousands digit of 2196087?
9
What is the tens digit of 1213920?
2
What is the ten thousands digit of 16810985?
1
What is the hundred thousands digit of 23658014?
6
What is the ten thousands digit of 6676340?
7
What is the hundred thousands digit of 557626?
5
What is the thousands digit of 215706?
5
What is the thousands digit of 33699358?
9
What is the hundred thousands digit of 10376720?
3
What is the ten thousands digit of 1240460?
4
What is the millions digit of 17324111?
7
What is the ten millions digit of 10176373?
1
What is the tens digit of 4382347?
4
What is the thousands digit of 2642815?
2
What is the ten thousands digit of 388239?
8
What is the ten thousands digit of 2766239?
6
What is the tens digit of 439417?
1
What is the thousands digit of 228184?
8
What is the thousands digit of 1465042?
5
What is the units digit of 2090234?
4
What is the ten thousands digit of 330687?
3
What is the tens digit of 3145531?
3
What is the ten thousands digit of 245225?
4
What is the millions digit of 1222723?
1
What is the hundreds digit of 582882?
8
What is the tens digit of 6276808?
0
What is the hundreds digit of 3597277?
2
What is the hundreds digit of 170682?
6
What is the ten thousands digit of 5263006?
6
What is the units digit of 1226641?
1
What is the hundreds digit of 1362839?
8
What is the thousands digit of 60093?
0
What is the tens digit of 18502210?
1
What is the tens digit of 305888?
8
What is the thousands digit of 2505226?
5
What is the tens digit of 78495?
9
What is the units digit of 63901?
1
What is the ten thousands digit of 1684060?
8
What is the ten thousands digit of 8943503?
4
What is the ten thousands digit of 2026931?
2
What is the hundred thousands digit of 545096?
5
What is the hundred thousands digit of 189968?
1
What is the units digit of 681203?
3
What is the thousands digit of 29540883?
0
What is the hundred thousands digit of 1139583?
1
What is the hundreds digit of 243592?
5
What is the hundred thousands digit of 460080?
4
What is the hundreds digit of 277936?
9
What is the hundred thousands digit of 3572010?
5
What is the thousands digit of 299248?
9
What is the hundreds digit of 1325851?
8
What is the units digit of 2563248?
8
What is the thousands digit of 7573?
7
What is the ten millions digit of 10195070?
1
What is the hundred thousands digit of 3268634?
2
What is the units digit of 292301?
1
What is the hundred thousands digit of 5839419?
8
What is the tens digit of 433720?
2
What is the tens digit of 37039121?
2
What is the tens digit of 1010952?
5
What is the millions digit of 2366541?
2
What is the units digit of 52702?
2
What is the tens digit of 152442?
4
What is the hundred thousands digit of 3327671?
3
What is the ten thousands digit of 230936?
3
What is the ten thousands digit of 5254947?
5
What is the ten thousands digit of 830768?
3
What is the hundred thousands digit of 22770030?
7
What is the ten thousands digit of 255114?
5
What is the tens digit of 487632?
3
What is the tens digit of 418829?
2
What is the units digit of 101250?
0
What is the tens digit of 83901?
0
What is the tens digit of 153466?
6
What is the ten thousands digit of 262705?
6
What is the thousands digit of 1619633?
9
What is the hundreds digit of 148204?
2
What is the hundred thousands digit of 16244989?
2
What is the millions digit of 11998410?
1
What is the hundreds digit of 342808?
8
What is the ten thousands digit of 1249396?
4
What is the thousands digit of 9133059?
3
What is the ten millions digit of 16724013?
1
What is the hundred thousands digit of 423168?
4
What is the units digit of 1473030?
0
What is the tens digit of 329416?
1
What is the ten thousands digit of 4983139?
8
What is the ten thousands digit of 672221?
7
What is the ten thousands digit of 1337815?
3
What is the ten thousands digit of 3258850?
5
What is the millions digit of 1444674?
1
What is the ten thousands digit of 268282?
6
What is the hundred thousands digit of 5209294?
2
What is the ten thousands digit of 2472175?
7
What is the tens digit of 590643?
4
What is the hundred thousands digit of 8739782?
7
What is the millions digit of 2231383?
2
What is the ten thousands digit of 764236?
6
What is the hundreds digit of 612288?
2
What is the thousands digit of 948504?
8
What is the hundred thousands digit of 19961082?
9
What is the thousands digit of 10785809?
5
What is the ten millions digit of 28174960?
2
What is the millions digit of 19638127?
9
What is the tens digit of 11272210?
1
What is the ten thousands digit of 41715?
4
What is the ten thousands digit of 32717276?
1
What is the thousands digit of 5936630?
6
What is the thousands digit of 2000660?
0
What is the units digit of 501799?
9
What is the ten thousands digit of 9330557?
3
What is the ten thousands digit of 453707?
5
What is the ten thousands digit of 777983?
7
What is the units digit of 308223?
3
What is the hundreds digit of 814661?
6
What is the hundred thousands digit of 5247744?
2
What is the ten thousands digit of 224068?
2
What is the hundred thousands digit of 537195?
5
What is the ten thousands digit of 3733828?
3
What is the tens digit of 810461?
6
What is the ten thousands digit of 658778?
5
What is the thousands digit of 4122350?
2
What is the thousands digit of 3316998?
6
What is the millions digit of 1379933?
1
What is the hundreds digit of 1514624?
6
What is the thousands digit of 22989442?
9
What is the ten thousands digit of 274966?
7
What is the hundred thousands digit of 231889?
2
What is the ten thousands digit of 1507246?
0
What is the tens digit of 1353455?
5
What is the units digit of 885680?
0
What is the hundreds digit of 492025?
0
What is the ten thousands digit of 991715?
9
What is the units digit of 143821?
1
What is the thousands digit of 108682?
8
What is the thousands digit of 405339?
5
What is the tens digit of 2043557?
5
What is the hundreds digit of 1281811?
8
What is the tens digit of 11470118?
1
What is the thousands digit of 267186?
7
What is the units digit of 224932?
2
What is the tens digit of 237088?
8
What is the ten thousands digit of 598123?
9
What is the units digit of 2508670?
0
What is the units digit of 13869884?
4
What is the tens digit of 10350963?
6
What is the millions digit of 29103105?
9
What is the tens digit of 959125?
2
What is the hundreds digit of 298536?
5
What is the ten thousands digit of 26326735?
2
What is the hundred thousands digit of 251526?
2
What is the hundreds digit of 240412?
4
What is the millions digit of 1202274?
1
What is the hundred thousands digit of 596581?
5
What is the tens digit of 459555?
5
What is the hundreds digit of 1178969?
9
What is the millions digit